Suppose 4 = -u + 4*k - 7, -b = 2*u - 3*k. Let c(s) = s**2 + 9*s + 9. Determine c(u).
-5
Let r(t) = t**2 + 3*t - 7. Suppose u + 9 = 7. Let b be (u + 38/4)*16/(-24). What is r(b)?
3
Let w(b) = 2*b**2 + 11*b - 32*b**3 + 14*b**3 - 2*b + 2 + 17*b**3. Calculate w(4).
6
Let n(m) = 4*m**2 - m - 1. Suppose 0 = -3*z - 5 - 1. What is n(z)?
17
Let w be (6/(-4))/(33/(-88)). Let c(m) = m**2 - 6*m - 1. Let h(r) be the second derivative of r**4/12 - r**3 - 2*r. Let a(f) = w*h(f) - 5*c(f). Calculate a(6).
5
Let y(x) = -9*x**3 - 12*x**2 + 5*x - 3. Let f(i) = -5*i**3 - 7*i**2 + 3*i - 2. Let h(u) = 5*f(u) - 3*y(u). Give h(-2).
-13
Let j(q) be the second derivative of q**4/2 + q**3/6 + q**2/2 - 371*q. What is j(-1)?
6
Let r(u) = u**2 + 5*u + 4. Let b be r(-3). Suppose 2*v - v - 1 = 0. Let q = b + v. Let g(z) = 4*z**2 + 2*z + 1. Give g(q).
3
Let k be 4*((-6 - -1)/(-5))/1. Let v(b) = -b**2 - 7*b. Let r be v(-6). Let m(z) = -r*z - 1 + k - 2 - 2*z. Determine m(1).
-7
Let o(m) be the second derivative of m**5/60 - 5*m**4/12 + m**3 + 10*m**2 + 18*m. Let h(k) be the first derivative of o(k). Calculate h(8).
-10
Let u(z) be the second derivative of 0 + 3/2*z**3 - 2/3*z**4 + z**2 - 5*z - 1/20*z**5. Give u(-9).
2
Let g(i) = i + 0*i + 1 - 4 + 14. Suppose y - 1 = -c, 4 - 2 = 2*y - 5*c. Let p be 8*(y - 21/12). Calculate g(p).
5
Suppose 10 + 6 = -4*d. Let w be 3 - (d - -5 - 8). Suppose w = -q + 11. Let z(s) = 6*s**2 - s + 1. Determine z(q).
6
Let k(z) = 2*z**3 + 11*z**2 + 3*z - 8. Let a = -92 - -87. Let y be k(a). Let i(n) = -2*n**2 + 3*n. Determine i(y).
-2
Let q(n) = 7*n**2 - 4*n - 1. Let j(y) = 3*y**2 + 2*y - 1 - 3*y + 2*y - 3*y. Let c(t) = -5*j(t) + 2*q(t). What is c(3)?
0
Let k(d) = -d + 1. Let x be 12/16 + (-1)/(-4). Let z(p) = -p + 1. Let y(r) = x*z(r) + 2*k(r). Determine y(5).
-12
Suppose 15 + 3 = -3*n. Let c(t) = t - 6. What is c(n)?
-12
Let g be (-20)/3*41/(2870/(-84)). Let c(b) = -5*b - 10. What is c(g)?
-50
Suppose -d - o - 28 = 0, 9 + 181 = -5*d + 5*o. Let h = -27 - d. Let a(t) be the third derivative of t**4/8 - 4*t**3/3 - t**2. Calculate a(h).
10
Let k be (7 - (-1509)/(-216))*(1 - -2). Let m(h) be the third derivative of 1/60*h**5 + k*h**4 - 7*h**2 + 0 + 0*h - 1/2*h**3. Determine m(-3).
3
Suppose 4*d + s = -s + 2, 0 = 5*d + s + 2. Let n(b) = -1 - 2*b + b**2 - 7*b**2 + 3*b**2 + b**3 + 2*b**2. Give n(d).
-1
Let c(d) = -7*d + 2. Let j(m) = -15*m + 3. Let i(b) = 5*c(b) - 4*j(b). Give i(1).
23
Let h be -3 + -4*12/(-16). Let l(y) = 47 + y**2 + h*y**2 + 5*y - 45. What is l(-3)?
-4
Let b = -157 - -160. Let g(d) = -d**2 - 4*d + 4. What is g(b)?
-17
Let j(m) be the second derivative of -m**7/1260 + m**6/144 - m**4/6 + 4*m. Let b(c) be the third derivative of j(c). Let x be -4*-2*4/8. Calculate b(x).
-12
Let o = 221 - 219. Let i(h) = 6*h - 1. What is i(o)?
11
Let i(l) = -71*l + 73*l - 2 + 1. Determine i(1).
1
Let c(t) be the third derivative of -t**6/90 + t**5/120 - 2*t**3 - 25*t**2. Let y(b) be the first derivative of c(b). Determine y(1).
-3
Let p(c) = 2*c**2 - 2*c. Let q(i) = -i**2 + 5*i + 2. Let m(l) = -p(l) - q(l). Calculate m(-2).
0
Let b(a) be the second derivative of 1/20*a**5 + 1/2*a**3 + 3/2*a**2 - 17*a + 0 - 1/2*a**4. Give b(5).
-7
Let a(b) = -b**3 - 26*b**2 - 24*b + 32. Let i be a(-25). Let y(d) = -d - 2. Calculate y(i).
-9
Let w = 677 - 670. Let z(l) = l**2 - l. Give z(w).
42
Suppose n + 2*n = 6. Let z(t) = 3 + 0 + n - t. Give z(4).
1
Suppose -6*w = -12*w + 210. Let k(g) = 2*g + 6*g + w - 15 - 19. Suppose 2 = -3*m - 1. Calculate k(m).
-7
Suppose -5*u = -6*u + 6. Let p(s) = u*s - 2*s**2 - 1 + 4*s**2 - 3*s**2 + 0*s. Calculate p(5).
4
Let x = 18 + -21. Let i = x - -9. Let b be i/(-4) + 12/(-24). Let a(j) = -j**3 - 2*j**2 + 2*j + 1. What is a(b)?
-3
Let h = 16 - 23. Let g(f) = -f**2 + 2*f + 2. Let j(t) = -t**3 - 4*t**2 - 3*t. Let y(k) = -3*g(k) - j(k). Calculate y(h).
15
Let f = 23 + -16. Let m = -23 + 46. Let j(x) = 12 - x + 15 + 4 - m. Calculate j(f).
1
Let z(m) be the second derivative of -m**4/24 - 4*m**3/3 + 9*m**2/2 + 12*m. Let n(t) be the first derivative of z(t). Suppose -b - 15 = 2*b. What is n(b)?
-3
Let m(w) = w**2 - 28 + 26*w - 76*w + 24*w + 0*w**2 + 25*w. Determine m(0).
-28
Let l = 838 - 841. Let d(q) = -5*q**2 + 3*q - 2. Determine d(l).
-56
Let k(l) = l + 0 + 4 - 3. Suppose 0 = 194*j - 196*j + 10. What is k(j)?
6
Let n(u) = -2*u - 1. Let w be (-84)/(-92) + 201/(-69) + 3. What is n(w)?
-3
Let y(m) = -6*m + 4. Let k be y(-1). Suppose -2*c = 5*d - 4*c + 10, -2*c = 5*d - k. Let t(r) = -r**2 + 9. Determine t(d).
9
Let f = 2 + 3. Let a(c) = 0*c + f*c - 19*c**2 + 18*c**2. Give a(5).
0
Let q(v) = -5*v**3 + 2*v**2 - 14*v - 4. Let g(h) = -11*h**3 + 7*h**2 - 29*h - 8. Let x(i) = -4*g(i) + 9*q(i). Give x(-9).
5
Let r(c) = -3*c**2 - 1. Let x = 55 + -22. Suppose -x = -3*w - h, -8 + 23 = w - h. Let t = w + -13. Give r(t).
-4
Suppose -3*c + 7 = 2*m, 0*c + 5*c = 4*m + 19. Let n be (m - 2 - -2) + 4. Suppose n*s = 8 + 1. Let p(k) = -k + 4. Give p(s).
1
Suppose 29 = 5*g - 4*t, t - 12 = 4*g - 33. Let o(b) = 4*b - b**2 + 0*b**2 + b + 2. Determine o(g).
2
Suppose -4 = -l - b, 2*b - 3 = -b. Let n(s) be the second derivative of 0 - 1/12*s**4 + 2/3*s**3 - 1/2*s**2 - 13*s. Calculate n(l).
2
Let i(a) = -3*a**2 + 8*a + 2. Let y(r) = -8*r**2 + 24*r + 5. Let p(s) = -11*i(s) + 4*y(s). What is p(-7)?
-9
Let t(d) be the first derivative of -2 - 2*d - 1/2*d**2. Let r(k) = 53*k + 216. Let z be r(-4). Calculate t(z).
-6
Let l(r) = -27*r**2 - 2*r + 1. Let j(b) = -b**3 - 7*b**2 - 14*b - 47. Let f be j(-6). Give l(f).
-28
Let s = -22 - -15. Let z(w) = -2*w - 4. Let t be z(s). Suppose -13*m + t*m = -6. Let v(l) = l**3 - 2*l**2 - 2*l + 3. What is v(m)?
-1
Let a be (-4)/(((-14)/105)/((-1)/5)). Let x(p) = -p**3 - 5*p**2 + 3*p - 9. Calculate x(a).
9
Let m(t) = -11*t - 9. Let z(y) = 16*y + 13. Let r(h) = 7*m(h) + 5*z(h). Let j = 505 - 508. Calculate r(j).
-7
Let g(f) = f**2 + 8*f + 15. Let n be g(-6). Suppose 0 = 6*c + 3 + n. Let m(d) = -5*d**2 - 1. What is m(c)?
-6
Let p(x) be the first derivative of x**3/3 - 3*x**2/2 - 5*x - 1. Let y = -192 + 196. Let n be p(y). Let z(o) = 12*o**2 + o + 1. What is z(n)?
12
Let f be 11 - (0 - 2)*-1. Let w(l) = -l**2 + 7*l + 11. What is w(f)?
-7
Let f(u) = 3*u + 1. Let t be f(-3). Let n(c) be the second derivative of -c**5/20 - 7*c**4/12 + 4*c**3/3 - 3*c**2/2 - 4*c - 83. What is n(t)?
-3
Suppose 13 = -4*w - 5*g, g + 5 - 6 = -2*w. Let f(k) = -k. Give f(w).
-3
Let f(o) = -2*o + 6. Let d(h) = h**2 - 23*h + 82. Let m be d(19). Determine f(m).
-6
Let d(x) = -2*x + 38. Let i be d(16). Let y(u) = u**3 - 7*u**2 + 3*u + 7. What is y(i)?
-11
Let o be (3 - 1)*(0 + 2). Let i(s) be the second derivative of 5*s**3/3 + 2*s**2 - 3*s. Let m(g) = -3*g - 1. Let d(b) = 2*i(b) + 7*m(b). What is d(o)?
-3
Suppose 22*q = 7*q + 180. Let f(b) = b**3 - 11*b**2 - 9*b - 11. Give f(q).
25
Let n(o) = o**2 - 13*o. Let i be 15 + 3 + -1 + -3 + 0. What is n(i)?
14
Suppose 12 = -2*k + 6*k. Suppose 3*v - k = 3. Let s(o) = 0*o - 8 - o**v + 9*o - o**3 + 6*o**2. Determine s(6).
10
Suppose 368 = 25*o + 318. Let n(a) be the third derivative of 2/3*a**3 - 1/24*a**4 + 6*a**o + 0*a + 0. Give n(0).
4
Let m(d) = 5*d**2 + 2*d + 2. Suppose -q = 4*q + 3*c + 10, q + c = -2. What is m(q)?
18
Let h = 52 - 48. Let j(l) = 2*l**2 + l - 4*l - 2*l - 1 + h*l + l**3. Give j(2).
13
Let s(f) = -15*f**2 - 42*f - 11. Let c(h) = -7*h**2 - 20*h - 5. Let t(y) = -13*c(y) + 6*s(y). Calculate t(-7).
-8
Suppose 5*y + 3*u = -36, 4*y - u + 14 = 4*u. Let n = y + 6. Let f(r) = r - 6. Determine f(n).
-6
Let f be 1/(438/(-147) + 3). Let b = f - 33. Let l = b - 19. Let u(p) = -p**2 - 5*p - 3. What is u(l)?
3
Let x(y) = 7*y**3 - 29*y**2 - 37*y + 36. Let t(k) = 4*k**3 - 15*k**2 - 19*k + 20. Let w(q) = -5*t(q) + 3*x(q). What is w(13)?
-31
Let o(v) be the second derivative of v**5/20 + 7*v**4/12 + 5*v**3/6 + v + 44. Let y be (2 + -1)/((-1)/6). Give o(y).
6
Let h(n) = -n + 7. Let t(w) = -w**3 - 4*w**2 - 3*w. Let q be t(-3). Suppose q = -i - i - 10. Let y be -1 - 2 - 45/i. Give h(y).
1
Let g(s) be the second derivative of -3*s**5/20 - s**4/4 - s**3/3 + s**2 - 1517*s + 1. Let a = 2 + -4. What is g(a)?
18
Let m(g) be the third derivative of -g**4/24 - g**3/6 + g**2. Let i(x) = -40*x + 354. Let w be i(9). Determine m(w).
5
Let n(t) be the fir